{"id":74,"date":"2017-02-03T13:59:06","date_gmt":"2017-02-03T12:59:06","guid":{"rendered":"http:\/\/www.interxarxes.com\/?page_id=74"},"modified":"2025-12-23T15:26:05","modified_gmt":"2025-12-23T14:26:05","slug":"consell-assessor","status":"publish","type":"page","link":"http:\/\/www.interxarxes.com\/index.php\/consell-assessor\/","title":{"rendered":"Consell Assessor"},"content":{"rendered":"[vc_row fullwidth=&#8221;true&#8221; css=&#8221;.vc_custom_1488799470989{background-image: url(http:\/\/www.interxarxes.com\/wp-content\/uploads\/2017\/02\/consell.jpg?id=596) !important;}&#8221;][vc_column][vc_empty_space height=&#8221;250px&#8221;][\/vc_column][\/vc_row][vc_row][vc_column][vc_empty_space height=&#8221;50px&#8221;][\/vc_column][\/vc_row][vc_row][vc_column][\/vc_column][\/vc_row][vc_row][vc_column][\/vc_column][\/vc_row][vc_row][vc_column][mk_content_box heading=&#8221;Membres del Consell Assessor&#8221;][mk_custom_list style=&#8221;mk-moon-user-6&#8243; icon_color=&#8221;#ff3333&#8243;]\n<ul>\n<li>Regidor del Districte d&#8217;Horta-Guinard\u00f3. Ajuntament de Barcelona.<br \/>\nIl.lma. Sr.<strong>&nbsp;Josep Llu\u00eds Franco Rabell<\/strong><\/li>\n<li>Gerent del Districte d&#8217;Horta-Guinard\u00f3. Ajuntament de Barcelona.<br \/>\nSra. <strong>Anna Maria de Palau<\/strong><\/li>\n<li>Direcci\u00f3 Serveis a les Persones del Districte d&#8217;Horta-Guinard\u00f3. Ajuntament de Barcelona.<br \/>\nSra. <strong>Tere Torres<\/strong>, directora.<\/li>\n<li>Institut Municipal de Serveis Socials de Barcelona. Ajuntament de Barcelona.<br \/>\nSra. <strong>Cecilia Collado<\/strong>, directora de Serveis Socials B\u00e0sics Territorials.<\/li>\n<li>\n<div>Institut Municipal de Serveis Socials. Ajuntament de Barcelona.<\/div>\n<div>Sra. <strong>Montse Tejeda<\/strong>,&nbsp;Direcci\u00f3 Territorial,&nbsp;<span lang=\"ES-TRAD\">Serveis Socials Dte Horta Guinard\u00f3<\/span><\/div>\n<\/li>\n<li>\u00c0rea de Drets Socials. Ajuntament de Barcelona.<br \/>\nSra. <strong>Marta Clari<\/strong>, Gerent.<\/li>\n<li>Consorci d&#8217;Educaci\u00f3 de Barcelona. Ajuntament de Barcelona i Generalitat de Catalunya.<br \/>\nSra.<strong>&nbsp; <b>Susana Tarapiella<\/b><\/strong>, directora de l&#8217;\u00c0rea d&#8217;Orientaci\u00f3 i Educaci\u00f3 Inclusiva.<\/li>\n<li>Consorci Sanitari de Barcelona. Ajuntament de Barcelona i Generalitat de Catalunya.<br \/>\nSr. <strong>Jordi Armengol<\/strong>, director dels Sectors Sanitaris Horta-Guinard\u00f3, Nou Barris i Sant Andreu. Director de l&#8217;\u00c0rea Integral de Salut Barcelona nord.<\/li>\n<li>Pla Director de salut mental i addiccions.<br \/>\nSr.&nbsp;<strong>Josep Tristany<\/strong>, <b>director<\/b><\/li>\n<li>Programa Interxarxes.<br \/>\nSra. <strong>Anna Clarabuch<\/strong>, coordinadora.<br \/>\nSra. <strong>Marta Busquets<\/strong>, adjunta a la coordinaci\u00f3.<\/li>\n<\/ul>\n[\/mk_custom_list][\/mk_content_box][\/vc_column][\/vc_row]\n","protected":false},"excerpt":{"rendered":"<p>[vc_row fullwidth=&#8221;true&#8221; css=&#8221;.vc_custom_1488799470989{background-image: url(http:\/\/www.interxarxes.com\/wp-content\/uploads\/2017\/02\/consell.jpg?id=596) !important;}&#8221;][vc_column][vc_empty_space height=&#8221;250px&#8221;][\/vc_column][\/vc_row][vc_row][vc_column][vc_empty_space height=&#8221;50px&#8221;][\/vc_column][\/vc_row][vc_row][vc_column][\/vc_column][\/vc_row][vc_row][vc_column][\/vc_column][\/vc_row][vc_row][vc_column][mk_content_box heading=&#8221;Membres del Consell Assessor&#8221;][mk_custom_list style=&#8221;mk-moon-user-6&#8243; icon_color=&#8221;#ff3333&#8243;] Regidor del Districte d&#8217;Horta-Guinard\u00f3. Ajuntament de Barcelona. Il.lma. Sr.&nbsp;Josep Llu\u00eds Franco Rabell Gerent del Districte d&#8217;Horta-Guinard\u00f3. Ajuntament de Barcelona. Sra. Anna Maria de Palau Direcci\u00f3 Serveis a les Persones del Districte d&#8217;Horta-Guinard\u00f3. Ajuntament de Barcelona. Sra. Tere Torres, directora. Institut Municipal de [&hellip;]<\/p>\n","protected":false},"author":1,"featured_media":0,"parent":0,"menu_order":0,"comment_status":"closed","ping_status":"closed","template":"","meta":[],"_links":{"self":[{"href":"http:\/\/www.interxarxes.com\/index.php\/wp-json\/wp\/v2\/pages\/74"}],"collection":[{"href":"http:\/\/www.interxarxes.com\/index.php\/wp-json\/wp\/v2\/pages"}],"about":[{"href":"http:\/\/www.interxarxes.com\/index.php\/wp-json\/wp\/v2\/types\/page"}],"author":[{"embeddable":true,"href":"http:\/\/www.interxarxes.com\/index.php\/wp-json\/wp\/v2\/users\/1"}],"replies":[{"embeddable":true,"href":"http:\/\/www.interxarxes.com\/index.php\/wp-json\/wp\/v2\/comments?post=74"}],"version-history":[{"count":38,"href":"http:\/\/www.interxarxes.com\/index.php\/wp-json\/wp\/v2\/pages\/74\/revisions"}],"predecessor-version":[{"id":1958,"href":"http:\/\/www.interxarxes.com\/index.php\/wp-json\/wp\/v2\/pages\/74\/revisions\/1958"}],"wp:attachment":[{"href":"http:\/\/www.interxarxes.com\/index.php\/wp-json\/wp\/v2\/media?parent=74"}],"curies":[{"name":"wp","href":"https:\/\/api.w.org\/{rel}","templated":true}]}}

[vc_row fullwidth=&#8221;true&#8221; css=&#8221;.vc_custom_1488799470989{background-image: url(http://www.interxarxes.com/wp-content/uploads/2017/02/consell.jpg?id=596) !important;}&#8221;][vc_column][vc_empty_space height=&#8221;250px&#8221;][/vc_column][/vc_row][vc_row][vc_column][vc_empty_space height=&#8221;50px&#8221;][/vc_column][/vc_row][vc_row][vc_column][/vc_column][/vc_row][vc_row][vc_column][/vc_column][/vc_row][vc_row][vc_column][mk_content_box heading=&#8221;Membres del Consell Assessor&#8221;][mk_custom_list style=&#8221;mk-moon-user-6&#8243; icon_color=&#8221;#ff3333&#8243;]
<ul>
<li>Regidor del Districte d&#8217;Horta-Guinardó. Ajuntament de Barcelona.<br />
Il.lma. Sr.<strong>&nbsp;Josep Lluís Franco Rabell</strong></li>
<li>Gerent del Districte d&#8217;Horta-Guinardó. Ajuntament de Barcelona.<br />
Sra. <strong>Anna Maria de Palau</strong></li>
<li>Direcció Serveis a les Persones del Districte d&#8217;Horta-Guinardó. Ajuntament de Barcelona.<br />
Sra. <strong>Tere Torres</strong>, directora.</li>
<li>Institut Municipal de Serveis Socials de Barcelona. Ajuntament de Barcelona.<br />
Sra. <strong>Cecilia Collado</strong>, directora de Serveis Socials Bàsics Territorials.</li>
<li>
<div>Institut Municipal de Serveis Socials. Ajuntament de Barcelona.</div>
<div>Sra. <strong>Montse Tejeda</strong>,&nbsp;Direcció Territorial,&nbsp;<span lang="ES-TRAD">Serveis Socials Dte Horta Guinardó</span></div>
</li>
<li>Àrea de Drets Socials. Ajuntament de Barcelona.<br />
Sra. <strong>Marta Clari</strong>, Gerent.</li>
<li>Consorci d&#8217;Educació de Barcelona. Ajuntament de Barcelona i Generalitat de Catalunya.<br />
Sra.<strong>&nbsp; <b>Susana Tarapiella</b></strong>, directora de l&#8217;Àrea d&#8217;Orientació i Educació Inclusiva.</li>
<li>Consorci Sanitari de Barcelona. Ajuntament de Barcelona i Generalitat de Catalunya.<br />
Sr. <strong>Jordi Armengol</strong>, director dels Sectors Sanitaris Horta-Guinardó, Nou Barris i Sant Andreu. Director de l&#8217;Àrea Integral de Salut Barcelona nord.</li>
<li>Pla Director de salut mental i addiccions.<br />
Sr.&nbsp;<strong>Josep Tristany</strong>, <b>director</b></li>
<li>Programa Interxarxes.<br />
Sra. <strong>Anna Clarabuch</strong>, coordinadora.<br />
Sra. <strong>Marta Busquets</strong>, adjunta a la coordinació.</li>
</ul>
[/mk_custom_list][/mk_content_box][/vc_column][/vc_row]

<p>[vc_row fullwidth=&#8221;true&#8221; css=&#8221;.vc_custom_1488799470989{background-image: url(http://www.interxarxes.com/wp-content/uploads/2017/02/consell.jpg?id=596) !important;}&#8221;][vc_column][vc_empty_space height=&#8221;250px&#8221;][/vc_column][/vc_row][vc_row][vc_column][vc_empty_space height=&#8221;50px&#8221;][/vc_column][/vc_row][vc_row][vc_column][/vc_column][/vc_row][vc_row][vc_column][/vc_column][/vc_row][vc_row][vc_column][mk_content_box heading=&#8221;Membres del Consell Assessor&#8221;][mk_custom_list style=&#8221;mk-moon-user-6&#8243; icon_color=&#8221;#ff3333&#8243;] Regidor del Districte d&#8217;Horta-Guinardó. Ajuntament de Barcelona. Il.lma. Sr.&nbsp;Josep Lluís Franco Rabell Gerent del Districte d&#8217;Horta-Guinardó. Ajuntament de Barcelona. Sra. Anna Maria de Palau Direcció Serveis a les Persones del Districte d&#8217;Horta-Guinardó. Ajuntament de Barcelona. Sra. Tere Torres, directora. Institut Municipal de [&hellip;]</p>
